



{"id":336,"date":"2008-12-16T20:55:44","date_gmt":"2008-12-17T01:55:44","guid":{"rendered":"http:\/\/localhost\/wordpress\/?page_id=336"},"modified":"2025-11-09T10:00:59","modified_gmt":"2025-11-09T15:00:59","slug":"336-2","status":"publish","type":"page","link":"http:\/\/fahrradinontario.net\/?page_id=336","title":{"rendered":"Eriesee (kanadische Seite)"},"content":{"rendered":"<p>Der <a href=\"http:\/\/de.wikipedia.org\/wiki\/Eriesee\">Eriesee<\/a> ist der flachste der gro\u00dfen Seen und einer der reizvollsten f\u00fcr Ausfl\u00fcge. Er ist warm und lockt mit vielen und langen Sandstr\u00e4nden, die im Sommer alle ziemlich belebt sind. Das n\u00f6rdliche Ufer geh\u00f6rt zu Ontario und das s\u00fcdliche teilen sich die Staaten Ohio, Pennsylvania und New York.<\/p>\n<p>Die unten stehende Karte markiert die Pl\u00e4tze, zu denen es auf dieser und der <a href=\"http:\/\/fahrradinontario.net\/?page_id=800\">Seite \u00fcber den amerikanischen Teil des Eriesees<\/a> Bilder und Texte gibt.<\/p>\n<p style=\"clear: both;\">\n\n\n\t\t\t\t<div id=\"map_ol3js_1\" class=\"map undefined\" data-map_name=\"undefined\" data-map=\"map_ol3js_1\" style=\"width:100%; max-width:100%; height:400px; display:block; overflow:hidden;border:2px solid grey;\" >\n\t\t\t\t  <div id=\"map_ol3js_1_popup\" class=\"ol-popup\" >\n\t\t\t\t\t<a href=\"#\" id=\"map_ol3js_1_popup-closer\" class=\"ol-popup-closer\"><\/a>\n\t\t\t\t\t<div id=\"map_ol3js_1_popup-content\" ><\/div>\n\t\t\t\t  <\/div>\n\t\t\t\t<\/div>\n\t\t\t\n\n\t\t\t\t<script type=\"text\/javascript\">\n\t\t\t\t\ttranslations['openlayer'] = \"open layer\";\n\t\t\t\t\ttranslations['openlayerAtStartup'] = \"open layer at startup\";\n\t\t\t\t\ttranslations['generateLink'] = \"Der Link zur Karte mit ausgew\u00e4hlten Overlays und angezeigtem Ausschnitt\";\n\t\t\t\t\ttranslations['shortDescription'] = \"Kurzbeschreibung\";\n\t\t\t\t\ttranslations['generatedShortCode'] = \"to get a text control link paste this code in your wordpress editor\";\n\t\t\t\t\ttranslations['closeLayer'] = \"close layer\";\n\t\t\t\t\ttranslations['cantGenerateLink'] = \"put this string in the existing map short code to control this map\";\n\t\t\t  <\/script>\n\n\n\t\t\t  <script type=\"text\/javascript\">\n\t\t\t  vectorM['map_ol3js_1'] = [];\n\t        \n        var raster = getTileLayer(\"osm\",\"NoKey\");\t\t\t\n\n\t\t\t  var map_ol3js_1 = new ol.Map({\n\t\t\t\tinteractions: ol.interaction.defaults.defaults({mouseWheelZoom:false}),\n\t\t\t\tlayers: [raster],\n\t\t\t\ttarget: \"map_ol3js_1\",\n\t\t\t\tview: new ol.View({\n\t\t\t\t  center: ol.proj.transform([-81.265,42.221], \"EPSG:4326\", \"EPSG:3857\"),\n\t\t\t\t  zoom: 7\n\t\t\t\t})\n\t\t\t  });\n\t\t\t  \n    var style0 = {\n      \"Point\": [new ol.style.Style({\n\n          image: new ol.style.Icon({\n            anchor: [0.5, 41],\n            anchorXUnits: \"fraction\",\n            anchorYUnits: \"pixels\",\n            opacity: 0.75,\n            src: \"http:\/\/fahrradinontario.net\/wp-content\/plugins\/osm\/icons\/mic_blue_pinother_02.png\"\n          })\n      })],\n\n      \"LineString\": [new ol.style.Style({\n        stroke: new ol.style.Stroke({\n          color: \"blue\",\n          width: 8\n        })\n      })],\n      \"MultiLineString\": [new ol.style.Style({\n        stroke: new ol.style.Stroke({\n          color: \"blue\",\n          width: 4\n        })\n      })]\n    };\n\t\t  vectorL0 = new ol.layer.Vector({\n\n\t\t\tsource: new ol.source.Vector({\n\t\t  url:\"\/wp-content\/GPXData\/Erie.kml\",\n\t\t\t  format: new ol.format.KML({ showPointNames: false})\n\t\t\t}),\n         zIndex: 92\n\t\t  });map_ol3js_1.addLayer(vectorL0);addControls2Map(map_ol3js_1,0,0,3,0,5,6,7,0,1);\nosm_addPopupClickhandler(map_ol3js_1,  \"map_ol3js_1\"); \nosm_addMouseHover(map_ol3js_1); <\/script>\n<p style=\"clear: both;\">\n<p id=\"FortErie\" style=\"clear: right;\"><strong>Fort Erie<\/strong><br \/>\nFort Erie liegt ganz im Nordosten des Sees und bietet sich als Ausgangspunkt f\u00fcr eine nette Fahrradtour entlang des Niagara bis zu den F\u00e4llen und weiter an. Man radelt auf einem gut ausgebauten und sicheren Radweg immer am http:\/\/localhost\/Wordpress\/wp-admin\/edit.php?post_type=pageFluss entlang. Bis zu den Niagaraf\u00e4llen sind es knapp 30 km.<\/p>\n<p style=\"clear:both\"><img loading=\"lazy\" decoding=\"async\" class=\"alignleft\" title=\" \" src=\"wp-content\/Bilder\/Eriesee\/IMGP1047.jpg\" alt=\"\" width=\"365\" height=\"243\" \/><\/p>\n<p><img loading=\"lazy\" decoding=\"async\" class=\"alignright\" style=\"clear:right\" title=\" \" src=\"wp-content\/Bilder\/Eriesee\/IMGP9829.jpg\" alt=\"\" width=\"365\" height=\"243\" \/><\/p>\n<p style=\"clear: both;\">\n<p> Die Peace Bridge zwischen Fort Erie und Buffalo &#8211; 1925-1927 erbaut und einer der wichtigsten \u00dcberg\u00e4nge von Kanada in die USA.<\/p>\n<p style=\"clear: both;\">\n<p style=\"clear:both\"><img loading=\"lazy\" decoding=\"async\" class=\"alignleft\" title=\" \" src=\"wp-content\/Bilder\/Eriesee\/IMGP9842.jpg\" alt=\"\" width=\"365\" height=\"243\" \/><\/p>\n<p><img loading=\"lazy\" decoding=\"async\" class=\"alignright\" style=\"clear:right\" title=\" \" src=\"wp-content\/Bilder\/Eriesee\/IMGP9849.jpg\" alt=\"\" width=\"365\" height=\"243\" \/><\/p>\n<p style=\"clear: both;\">\n<p> Zwischen Port Colborne und Fort Erie gibt es einen schnurgeraden Rail Trail zum Radeln. Dabei trifft man mit ziemlicher Sicherheit auf mindestens einen Kanadareiher (Great Blue Heron)<\/p>\n<p style=\"clear: both;\">\n<p><\/br><\/p>\n<p id=\"RockPoint\" style=\"clear: right;\"><strong>Rock Point<\/strong><\/p>\n<p style=\"clear:both\"><img loading=\"lazy\" decoding=\"async\" class=\"alignleft\" style=\"float: left\" title=\" \" src=\"wp-content\/Bilder\/Eriesee\/IMGP6136.jpg\" alt=\"\" width=\"365\" height=\"243\" \/><\/p>\n<p><\/br><\/p>\n<p> Der Rock Point Provincial Park befindet sich an der M\u00fcndung des Grand River. \u00d6stlich des Parks an der Moulton Bay gibt es sch\u00f6ne Sandstr\u00e4nde wo aber leider mal wieder ein Cottage neben dem anderen steht, und es so gut wie keinen \u00f6ffentlichen Zugang gibt. <\/p>\n<p style=\"clear: both;\">\n<p>Etwas weiter n\u00f6rdlich verl\u00e4uft einer der alten Welland Canal Feeder. Das waren Kan\u00e4le, die die ersten Versionen des Welland Canal (es gibt insgesamt vier), der den Erie- mit dem Ontariosee verbindet, mit Wasser versorgt haben. Der neue Welland Canal ist auf die Feeder nicht mehr angewiesen, und so versanden sie langsam aber sicher.<\/p>\n<p style=\"clear: both;\">\n<p><\/br><\/p>\n<p style=\"clear: right;\"><strong>Port Dover<\/strong><br \/>\nPort Dover ist eine beliebtes Naherholungsziel. Es gibt einen Strand mit f\u00fcnf (5) Palmen, wo man andere Leute angucken und selbst angeguckt werden kann. Pubs mit viel Bier gibt er gleich neben dran. Also, was will man mehr, und an einem warmen Sommerwochenende sich sind sich Port Dover und Malle gar nicht so un\u00e4hnlich.<\/p>\n<p style=\"clear:both\"><img loading=\"lazy\" decoding=\"async\" class=\"alignleft\" title=\" \" src=\"wp-content\/Bilder\/Eriesee\/IMGP9074.jpg\" alt=\"\" width=\"365\" height=\"243\" \/><\/p>\n<p><img loading=\"lazy\" decoding=\"async\" class=\"alignright\" style=\"clear:right\" title=\" \" src=\"wp-content\/Bilder\/Eriesee\/IMGP3867.jpg\" alt=\"\" width=\"365\" height=\"243\" \/><\/p>\n<p style=\"clear: both;\">\n<p style=\"clear:both\"><img loading=\"lazy\" decoding=\"async\" class=\"alignright\" style=\"float: right\" title=\" \" src=\"wp-content\/Bilder\/Eriesee\/IMGP4001.jpg\" alt=\"\" width=\"365\" height=\"243\" \/><\/p>\n<p><\/br><\/br><\/p>\n<p> Abseits des Rummels gibt es aber auch noch Traditionen. Am fr\u00fchen Morgen fahren die Fish Tugs auf den See heraus. Diese Boote sind typisch f\u00fcr die Gro\u00dfen Seen und auch \u00fcberall am Eriesee anzutreffen.<\/p>\n<p style=\"clear: both;\">\n<p><\/br><\/p>\n<p id=\"LongPoint\" style=\"clear: both;\"><strong>Von Turkey Point nach Long Point<\/strong><br \/>\n Bei Turkey Point gibt es einen tollen Sandstrand, der bei gutem Wetter entsprechend belebt ist. Hier kann man sein Auto abstellen und dann auf der ruhigen Lakeshore Road \u00fcber Port Rowan nach Long Point radeln. Die Karte zeigt die Route, und der Marker die Position des Backus Heritage Village.<\/p>\n<p style=\"clear: both;\">\n\n\n\t\t\t\t<div id=\"map_ol3js_2\" class=\"map undefined\" data-map_name=\"undefined\" data-map=\"map_ol3js_2\" style=\"width:100%; max-width:100%; height:400px; display:block; overflow:hidden;border:2px solid grey;\" >\n\t\t\t\t  <div id=\"map_ol3js_2_popup\" class=\"ol-popup\" >\n\t\t\t\t\t<a href=\"#\" id=\"map_ol3js_2_popup-closer\" class=\"ol-popup-closer\"><\/a>\n\t\t\t\t\t<div id=\"map_ol3js_2_popup-content\" ><\/div>\n\t\t\t\t  <\/div>\n\t\t\t\t<\/div>\n\t\t\t\n\n\t\t\t\t<script type=\"text\/javascript\">\n\t\t\t\t\ttranslations['openlayer'] = \"open layer\";\n\t\t\t\t\ttranslations['openlayerAtStartup'] = \"open layer at startup\";\n\t\t\t\t\ttranslations['generateLink'] = \"Der Link zur Karte mit ausgew\u00e4hlten Overlays und angezeigtem Ausschnitt\";\n\t\t\t\t\ttranslations['shortDescription'] = \"Kurzbeschreibung\";\n\t\t\t\t\ttranslations['generatedShortCode'] = \"to get a text control link paste this code in your wordpress editor\";\n\t\t\t\t\ttranslations['closeLayer'] = \"close layer\";\n\t\t\t\t\ttranslations['cantGenerateLink'] = \"put this string in the existing map short code to control this map\";\n\t\t\t  <\/script>\n\n\n\t\t\t  <script type=\"text\/javascript\">\n\t\t\t  vectorM['map_ol3js_2'] = [];\n\t        \n        var raster = getTileLayer(\"osm\",\"NoKey\");\t\t\t\n\n\t\t\t  var map_ol3js_2 = new ol.Map({\n\t\t\t\tinteractions: ol.interaction.defaults.defaults({mouseWheelZoom:false}),\n\t\t\t\tlayers: [raster],\n\t\t\t\ttarget: \"map_ol3js_2\",\n\t\t\t\tview: new ol.View({\n\t\t\t\t  center: ol.proj.transform([-80.346,42.633], \"EPSG:4326\", \"EPSG:3857\"),\n\t\t\t\t  zoom: 11\n\t\t\t\t})\n\t\t\t  });\n\t\t\t  \n    var style0 = {\n      \"Point\": [new ol.style.Style({\n\n          image: new ol.style.Icon({\n            anchor: [0.5, 41],\n            anchorXUnits: \"fraction\",\n            anchorYUnits: \"pixels\",\n            opacity: 0.75,\n            src: \"http:\/\/fahrradinontario.net\/wp-content\/plugins\/osm\/icons\/mic_blue_pinother_02.png\"\n          })\n      })],\n\n      \"LineString\": [new ol.style.Style({\n        stroke: new ol.style.Stroke({\n          color: \"blue\",\n          width: 8\n        })\n      })],\n      \"MultiLineString\": [new ol.style.Style({\n        stroke: new ol.style.Stroke({\n          color: \"blue\",\n          width: 4\n        })\n      })]\n    };\n\t\t  vectorL0 = new ol.layer.Vector({\n\n\t\t\tsource: new ol.source.Vector({\n\t\t  url:\"wp-content\/GPXData\/LongPoint.kml\",\n\t\t\t  format: new ol.format.KML({ showPointNames: false})\n\t\t\t}),\n         zIndex: 92\n\t\t  });map_ol3js_2.addLayer(vectorL0);addControls2Map(map_ol3js_2,0,0,3,0,5,6,7,0,1);\nosm_addPopupClickhandler(map_ol3js_2,  \"map_ol3js_2\"); \nosm_addMouseHover(map_ol3js_2); <\/script>\n<p style=\"clear: both;\">\n<p>Einfach zu radeln und mit sch\u00f6nen Ausblicken und langen Sandstr\u00e4nden. <\/p>\n<p style=\"clear: both;\">\n<p style=\"clear:both\"><img loading=\"lazy\" decoding=\"async\" class=\"alignleft\" title=\" \" src=\"wp-content\/Bilder\/Eriesee\/IMGP1028.jpg\" alt=\"\" width=\"365\" height=\"243\" \/><\/p>\n<p><img loading=\"lazy\" decoding=\"async\" class=\"alignright\" style=\"clear:right\" title=\" \" src=\"wp-content\/Bilder\/Eriesee\/IMGP1032.jpg\" alt=\"\" width=\"365\" height=\"243\" \/><\/p>\n<p style=\"clear: both;\">\n<p>Auf der Tour kommt man Hafen von Port Rowan mit seinen Bootsh\u00e4usern vorbei. <a href=\"http:\/\/www.ontarioparks.com\/park\/longpoint\">Long Point<\/a> ist eine gro\u00dfe Halbinsel, die 40 Kilometer weit in den Eriesee ragt. Der gr\u00f6\u00dfte Teil ist ein National Wild Life Area und nicht zug\u00e4nglich. Der Teil vom Festland bis zum Park ist voll gepflastert mit Cottages. Aber am Ende des Erie Boulevards gibt es einen Campingplatz und einen langen und sehr sch\u00f6nen Sandstrand.<\/p>\n<p>N\u00f6rdlich von Port Rowan liegt das <a href=\"http:\/\/www.lprca.on.ca\/backus.htm\">Backus Heritage Village<\/a>, ein Freilichtmuseum mit mehreren Geb\u00e4uden aus der Zeit, als die ersten Siedler in Kanada sesshaft wurden. Highlight ist eine M\u00fchle aus dem 18. Jahrhundert, die immer noch voll funktionst\u00fcchtig ist.<\/p>\n<p style=\"clear: both;\">\n<p style=\"clear:both\"><img loading=\"lazy\" decoding=\"async\" class=\"alignleft\" title=\" \" src=\"wp-content\/Bilder\/Eriesee\/IMGP1056.jpg\" alt=\"\" width=\"365\" height=\"243\" \/><\/p>\n<p><img loading=\"lazy\" decoding=\"async\" class=\"alignright\" style=\"clear:right\" title=\" \" src=\"wp-content\/Bilder\/Eriesee\/IMGP1066.jpg\" alt=\"\" width=\"365\" height=\"243\" \/><\/p>\n<p style=\"clear: both;\">\n<p style=\"clear: right;\"><strong>John E. Pearce Provincial Park<\/strong><br \/>\nDer <a href=\"https:\/\/www.ontarioparks.ca\/park\/johnepearce\">John E. Pearce Provincial Park<\/a> besteht eigentlich aus zwei Teilen. S\u00fcdlich der der Lakeview Line sind die 33 Meter hohen Klippen, von denen der Besucher laut der Ontario Parks Internetseite einen tollen Ausblick \u00fcber den Eriesee hat. Allerdings ist der Zugang zu den Klippen wegen Erosion gesperrt, also nix mit Erieseeblick. Der Besuch lohnt sich aber trotzdem, denn es gibt noch einen n\u00f6rdlichen Teil, wo der Besucher in einem Museum und auf mehreren Trails einiges \u00fcber die Besiedlung der Gegend lernen kann.<\/p>\n<p style=\"clear:both\"><img loading=\"lazy\" decoding=\"async\" class=\"alignleft\" title=\" \" src=\"wp-content\/Bilder\/Eriesee\/L1010429.jpg\" alt=\"\" width=\"365\" height=\"243\" \/><\/p>\n<p><img loading=\"lazy\" decoding=\"async\" class=\"alignright\" style=\"clear:right\" title=\" \" src=\"wp-content\/Bilder\/Eriesee\/L1010434.jpg\" alt=\"\" width=\"365\" height=\"243\" \/><\/p>\n<p style=\"clear: both;\">\n<p style=\"clear: both;\"><strong>Rondeau Park<\/strong><br \/>\nDer <a href=\"http:\/\/en.wikipedia.org\/wiki\/Rondeau_Provincial_Park\">Rondeau Park<\/a> wurde 1894 gegr\u00fcndet und ist somit der zweit\u00e4lteste Provincial Park in Ontario. Eine acht Kilometer lange Nehrung trennt hier ein St\u00fcck des Eriesees ab. Die westliche Spitze ist ein Paradies f\u00fcr Vogelbeobachter. Es gibt einen langen Trail um die Spitze herum, der vor vielen Jahren einmal komplett geteert war und mittlerweile teilweise von den Wellen des Sees weggesp\u00fclt wurde. Wer m\u00f6glichst viele V\u00f6gel sehen will, sollte allerdings auch m\u00f6glichst fr\u00fch aufstehen.<\/p>\n<p style=\"clear: both;\">\n<p style=\"clear:both\"><img loading=\"lazy\" decoding=\"async\" class=\"alignleft\" title=\" \" src=\"wp-content\/Bilder\/Eriesee\/IMGP9917.jpg\" alt=\"\" width=\"365\" height=\"243\" \/><\/p>\n<p><img loading=\"lazy\" decoding=\"async\" class=\"alignright\" style=\"clear:right\" title=\" \" src=\"wp-content\/Bilder\/Eriesee\/IMGP2570.jpg\" alt=\"\" width=\"365\" height=\"243\" \/><\/p>\n<p style=\"clear: both;\">\n<p><\/br><\/p>\n<p><strong>Point Pelee National Park<\/strong><\/p>\n<p><img loading=\"lazy\" decoding=\"async\" class=\"alignright\" style=\"float: right;\" title=\" \" src=\"wp-content\/Bilder\/Eriesee\/IMGP3951.jpg\" alt=\"\" width=\"237\" height=\"255\" \/><\/p>\n<p>Point Pelee National Park ist der s\u00fcdlichste Zipfel des kanadischen Festlandes und streckt sich weit in den Eriesee. Im nahe gelegenen Leamington gibt es einige Hotels, und man kann bequem von dort bis zum Park radeln.<\/p>\n<p>Oder man f\u00e4hrt mit dem Auto in den Park und stellt es kurz nach dem Kiosk am Eingang rechts auf einen der Beach Parkpl\u00e4tze. Von dort radelt man die Stra\u00dfe weiter s\u00fcdw\u00e4rts, aber auf dem letzten St\u00fcck sind Fahrr\u00e4der nicht mehr erlaubt und man l\u00e4uft noch etwa einen halben Kilometer bis zu Kanadas s\u00fcdlichstem Punkt.<\/p>\n<p>Wer selbst kein Fahrrad dabei hat, kann eines mieten. Und f\u00fcr diejenigen, die den Park vom See aus erkunden m\u00f6chten, werden alternativ auch Kanus zur Ausleihe angeboten.<\/p>\n<p>Point Pelee bietet mehrere Trails, die allerdings Fu\u00dfg\u00e4ngern vorbehalten sind. Dort kann man V\u00f6gel und die Natur beobachten.<\/p>\n<p style=\"clear:both\"><img loading=\"lazy\" decoding=\"async\" class=\"alignleft\" title=\" \" src=\"wp-content\/Bilder\/Eriesee\/IMGP8881.jpg\" alt=\"\" width=\"365\" height=\"243\" \/><\/p>\n<p><img loading=\"lazy\" decoding=\"async\" class=\"alignright\" style=\"clear:right\" title=\" \" src=\"wp-content\/Bilder\/Eriesee\/IMGP8968.jpg\" alt=\"\" width=\"365\" height=\"243\" \/><\/p>\n<p style=\"clear: both;\">\n<p style=\"clear:both\"><img loading=\"lazy\" decoding=\"async\" class=\"alignleft\" title=\" \" src=\"wp-content\/Bilder\/Eriesee\/IMGP0825.jpg\" alt=\"\" width=\"365\" height=\"243\" \/><\/p>\n<p><img loading=\"lazy\" decoding=\"async\" class=\"alignright\" style=\"clear:right\" title=\" \" src=\"wp-content\/Bilder\/Eriesee\/IMGP0822.jpg\" alt=\"\" width=\"365\" height=\"243\" \/><\/p>\n<p style=\"clear: both;\">\n<p style=\"clear:both\"><img loading=\"lazy\" decoding=\"async\" class=\"alignleft\" title=\" \" src=\"wp-content\/Bilder\/Eriesee\/IMGP0803.jpg\" alt=\"\" width=\"365\" height=\"243\" \/><\/p>\n<p><img loading=\"lazy\" decoding=\"async\" class=\"alignright\" style=\"clear:right\" title=\" \" src=\"wp-content\/Bilder\/Eriesee\/R0002833.jpg\" alt=\"\" width=\"365\" height=\"243\" \/><\/p>\n<p style=\"clear: both;\">\n<p>So sieht die s\u00fcdlichste Ecke des kanadischen Festlandes aus.<\/p>\n<p style=\"clear: both;\">\n<ul>\n<li>Die <a href=\"http:\/\/en.wikipedia.org\/wiki\/Point_Pelee_National_Park\" target=\"_top\" rel=\"noopener noreferrer\">Point Pelee Wikipedia Seite<\/a>.<\/li>\n<li>Die <a href=\"http:\/\/www.pc.gc.ca\/pn-np\/on\/pelee\/index_e.asp\" target=\"_top\" rel=\"noopener noreferrer\">offizielle Point Pelee Seite<\/a> von Parks Canada.<\/li>\n<\/ul>\n<p style=\"clear: both;\"><span style=\"font-weight: bold;\">Pelee Island<\/span><br \/>\nVon Leamington bzw. Kingsville f\u00e4hrt eine F\u00e4hre nach Pelee Island. Das ist nun wirklich die s\u00fcdlichste Ecke Kanadas. Da die F\u00e4hre nur zwei bzw. drei Mal am Tag f\u00e4hrt (je nach Wochentag), muss man f\u00fcr einen Besuch auf Pelee Island einen ganzen Tag einplanen. Auf der Insel gibt es Weing\u00fcter, eine Fasanenzucht, ein paar Restaurants mit Bed &#038; Breakfast Angeboten und viele Cottages. <\/p>\n<p style=\"clear:both\"><img loading=\"lazy\" decoding=\"async\" class=\"alignleft\" title=\" \" src=\"wp-content\/Bilder\/Eriesee\/R0002904.jpg\" alt=\"\" width=\"365\" height=\"243\" \/><\/p>\n<p><img loading=\"lazy\" decoding=\"async\" class=\"alignright\" style=\"clear:right\" title=\" \" src=\"wp-content\/Bilder\/Eriesee\/IMGP4023.jpg\" alt=\"\" width=\"365\" height=\"243\" \/><\/p>\n<p style=\"clear: both;\">\n<p>Die F\u00e4hre braucht etwa anderthalb Stunden f\u00fcr die Fahrt vom kanadischen Festland nach Pelee Island. Auf der Insel ist es dann wirklich ruhig und entspannt, denn die n\u00e4chste Hauptverkehrsstra\u00dfe ist 50 km entfernt.<\/p>\n<p style=\"clear:both\"><img loading=\"lazy\" decoding=\"async\" class=\"alignleft\" title=\" \" src=\"wp-content\/Bilder\/Eriesee\/R0002929.jpg\" alt=\"\" width=\"365\" height=\"243\" \/><\/p>\n<p><img loading=\"lazy\" decoding=\"async\" class=\"alignright\" style=\"clear:right\" title=\" \" src=\"wp-content\/Bilder\/Eriesee\/R0002935.jpg\" alt=\"\" width=\"365\" height=\"243\" \/><\/p>\n<p style=\"clear: both;\">\n<p>Die ganze Ostseite ist ein langer Sandstrand. Zwar reit sich hier ein Cottage neben den anderen, es gibt aber auch ein paar \u00f6ffentlich zug\u00e4ngliche Str\u00e4nde.<\/p>\n<p style=\"clear:both\"><img loading=\"lazy\" decoding=\"async\" class=\"alignleft\" title=\" \" src=\"wp-content\/Bilder\/Eriesee\/R0002948.jpg\" alt=\"\" width=\"365\" height=\"243\" \/><\/p>\n<p><img loading=\"lazy\" decoding=\"async\" class=\"alignright\" style=\"clear:right\" title=\" \" src=\"wp-content\/Bilder\/Eriesee\/R0002951.jpg\" alt=\"\" width=\"365\" height=\"243\" \/><\/p>\n<p style=\"clear: both;\">\n<p>Gelegenheiten zum Wandern gibt es im s\u00fcdlichen Teil der Insel im Fish Point Nature Reserve und dem Stone Road Alvar. Alvare sind einzigartige Biotope und dadurch entstanden, dass der Untergrund w\u00e4hrend der Eiszeit vom den Gletschern glatt gehobelt wurde.<\/p>\n<p>Man kann sein Auto mit nach Pelee Island nehmen, sch\u00f6ner ist es allerdings, mit dem Fahrrad die Insel zu erkunden. Es sollte aber ein robustes Model sein, denn nur wenige der 88 Kilometer Stra\u00dfen sind asphaltiert, der Rest ist Schotterpiste.<\/p>\n<ul>\n<li>Die <a href=\"http:\/\/www.pelee.org\/\" target=\"_top\" rel=\"noopener noreferrer\">offizielle Seite<\/a> der Pelee Island Gemeinde.<\/li>\n<li>Der <a href=\"https:\/\/www.ontarioferries.com\/pelee-island-ferries\/\" target=\"_top\" rel=\"noopener noreferrer\">Fahrplan<\/a> der F\u00e4hre nach Pelee Island.<\/li>\n<li>Die <a href=\"http:\/\/www.peleeisland.com\/\" target=\"_top\" rel=\"noopener noreferrer\">Pelee Island Winery<\/a>.<\/li>\n<\/ul>\n<p style=\"clear: both;\"><strong>Amherstburg<\/strong><br \/>\nBei <a href=\"https:\/\/de.wikipedia.org\/wiki\/Amherstburg\">Amherstburg<\/a> m\u00fcndet der Detroit River in den Eriesee. Dort gibt es einen sch\u00f6nen Park am Fluss und das Fort Malden zu besichtigen.<\/p>\n<p style=\"clear: both;\">\n<p style=\"clear:both\"><img loading=\"lazy\" decoding=\"async\" class=\"alignleft\" title=\" \" src=\"wp-content\/Bilder\/Eriesee\/R0003009.jpg\" alt=\"\" width=\"365\" height=\"243\" \/><\/p>\n<p><img loading=\"lazy\" decoding=\"async\" class=\"alignright\" style=\"clear:right\" title=\" \" src=\"wp-content\/Bilder\/Eriesee\/R0003014.jpg\" alt=\"\" width=\"365\" height=\"243\" \/><\/p>\n<p style=\"clear: both;\">\n<p><\/br><\/p>\n<p>Und was es alles am s\u00fcdlichen Eriesee zu entdecken gibt, steht hier: <a href=\"http:\/\/fahrradinontario.net\/?page_id=800\">Eriesee (amerikanische Seite)<\/a>.<\/p>\n<p style=\"clear: both;\">\n","protected":false},"excerpt":{"rendered":"<p>Der Eriesee ist der flachste der gro\u00dfen Seen und einer der reizvollsten f\u00fcr Ausfl\u00fcge. Er ist warm und lockt mit <a class=\"more-link\" href=\"http:\/\/fahrradinontario.net\/?page_id=336\">weiterlesen&#8230;<\/a><\/p>\n","protected":false},"author":2,"featured_media":1834,"parent":14,"menu_order":10,"comment_status":"closed","ping_status":"closed","template":"","meta":{"footnotes":""},"class_list":["post-336","page","type-page","status-publish","has-post-thumbnail","hentry"],"_links":{"self":[{"href":"http:\/\/fahrradinontario.net\/index.php?rest_route=\/wp\/v2\/pages\/336","targetHints":{"allow":["GET"]}}],"collection":[{"href":"http:\/\/fahrradinontario.net\/index.php?rest_route=\/wp\/v2\/pages"}],"about":[{"href":"http:\/\/fahrradinontario.net\/index.php?rest_route=\/wp\/v2\/types\/page"}],"author":[{"embeddable":true,"href":"http:\/\/fahrradinontario.net\/index.php?rest_route=\/wp\/v2\/users\/2"}],"replies":[{"embeddable":true,"href":"http:\/\/fahrradinontario.net\/index.php?rest_route=%2Fwp%2Fv2%2Fcomments&post=336"}],"version-history":[{"count":85,"href":"http:\/\/fahrradinontario.net\/index.php?rest_route=\/wp\/v2\/pages\/336\/revisions"}],"predecessor-version":[{"id":2648,"href":"http:\/\/fahrradinontario.net\/index.php?rest_route=\/wp\/v2\/pages\/336\/revisions\/2648"}],"up":[{"embeddable":true,"href":"http:\/\/fahrradinontario.net\/index.php?rest_route=\/wp\/v2\/pages\/14"}],"wp:featuredmedia":[{"embeddable":true,"href":"http:\/\/fahrradinontario.net\/index.php?rest_route=\/wp\/v2\/media\/1834"}],"wp:attachment":[{"href":"http:\/\/fahrradinontario.net\/index.php?rest_route=%2Fwp%2Fv2%2Fmedia&parent=336"}],"curies":[{"name":"wp","href":"https:\/\/api.w.org\/{rel}","templated":true}]}}