{"id":28,"date":"2008-11-10T19:07:47","date_gmt":"2008-11-11T00:07:47","guid":{"rendered":"http:\/\/localhost\/wordpress\/?page_id=28"},"modified":"2019-06-29T10:53:23","modified_gmt":"2019-06-29T15:53:23","slug":"links-bucher-und-weitere-informationen-zum-thema-kanada","status":"publish","type":"page","link":"http:\/\/fahrradinontario.net\/?page_id=28","title":{"rendered":"Noch mehr Links"},"content":{"rendered":"<p style=\"clear:both\">\n<p><\/br><\/p>\n<p><strong>B\u00fccher<\/strong><\/p>\n<ul>\n<li>Mir gefallen die <a href=\"http:\/\/us.dk.com\/static\/cs\/us\/11\/travel\/intro.html\" target=\"_top\" rel=\"noopener noreferrer\">Eyewhitness Travel Guides<\/a> aus dem <a href=\"http:\/\/www.dk.com\/\" target=\"_top\" rel=\"noopener noreferrer\">DK Verlag<\/a> recht gut. Gut aufgebaut und mit vielen Bildern und Zeichnungen versehen, machen sie Lust auf&#8217;s Reisen. Das Angebot englischer Reisef\u00fchrer ist dabei umfangreicher als das deutsche.<\/li>\n<li>Daneben habe ich auch ein paar <a href=\"http:\/\/www.frommers.com\/\" target=\"_top\" rel=\"noopener noreferrer\">Frommers<\/a> Reisef\u00fchrer von aus dem <a href=\"http:\/\/ca.wiley.com\/WileyCDA\/Section\/id-300795.html\" target=\"_top\" rel=\"noopener noreferrer\">Wiley Verlag<\/a>. Haupts\u00e4chlich deshalb, weil sie auch B\u00fccher \u00fcber die etwas exotischeren Gegenden in Amerika haben.<\/li>\n<li>Sch\u00f6n finde ich auch die <a href=\"http:\/\/www.fodors.com\/shop\/category.cfm?category=compass\" target=\"_top\" rel=\"noopener noreferrer\">Compass American Guides<\/a> von Fodor&#8217;s.<\/li>\n<li>Wer mehr \u00fcber Kanadas Geschichte erfahren m\u00f6chte, sollte sich einmal die B\u00fccher von <a href=\"http:\/\/en.wikipedia.org\/wiki\/Pierre_Berton\" target=\"_top\" rel=\"noopener noreferrer\">Pierre Berton<\/a> anschauen.<\/li>\n<li>Gut gemachte gro\u00dfformatige B\u00fccher mit vielen Bilder \u00fcber die Geschichte Kanadas gibt es von <a href=\"http:\/\/www.derekhayes.ca\/\" target=\"_top\" rel=\"noopener noreferrer\">Derek Hayes<\/a>.<\/li>\n<li>Spannende Krimis, die in der fiktiven Stadt Algonquin Bay (=eigentlich North Bay, 350 km n\u00f6rdlich von Toronto) spielen, schreibt der kanadische Autor <a  href=\"http:\/\/de.wikipedia.org\/wiki\/Giles_Blunt\">Giles Blunt<\/a>. Man wird gut unterhalten und lernt dabei einiges \u00fcber Ontario.<\/li>\n<\/ul>\n<p style=\"clear:both\">\n<p><\/br><\/p>\n<p><strong>Zeitungen<\/strong><br \/>\nDeutschsprachige Zeitungen gibt es einige in Kanada. Eine Liste deutschsprachiger Medien gibt es auf der <a href=\"http:\/\/www.canada.diplo.de\/Vertretung\/kanada\/de\/03\/dt-netzwerke\/medien\/0-medien.html\">Internetseite der deutschen Botschaft<\/a>.<\/p>\n<p style=\"clear:both\">\n<p><\/br><\/p>\n<p><strong>Filme und Fernsehserien<\/strong><br \/>\nDie Produktion von Filmen und Serien ist eine echte Industrie in Kanada und insbesondere in Toronto. Viele Blockbuster und auch tolle Serien wurden in meiner unmittelbaren Nachbarschaft gedreht. <a href=\"https:\/\/www.imdb.com\/title\/tt5834204\">The Handmaids Tale<\/a> und <a href=\"https:\/\/www.imdb.com\/title\/tt5580390\/\">The Shape of Water<\/a> sind da nur zwei Beispiele. Lieder kommen im ganzen Gesch\u00e4ft echte kanadische Themen etwas zu kurz, aber es gibt auch ein paar echte Highlights.<\/p>\n<ul>\n<li><a href=\"http:\/\/www.imdb.com\/title\/tt0109370\/\" target=\"_top\" rel=\"noopener noreferrer\">Canadian Bacon<\/a>. Ein Kom\u00f6die \u00fcber die Eigenheiten von US Amerikanern und Kanadiern. Sehr lustig und der bisher einzige fiktive Spielfilm von Michael Moore.<\/li>\n<li><a href=\"http:\/\/www.imdb.com\/title\/tt1104806\/\">One Week<\/a>. Ben erf\u00e4hrt, dass er unheilbar krank ist. Daraufhin f\u00e4hrt er mit mit dem Motorrad von Toronto quer durch Kanada bis an die Pazifikk\u00fcste, um den Sinn seines Lebens zu finden. Bewegend, sch\u00f6ne Bilder aus Kanada, und einfach nur toll.<\/li>\n<li><a href=\"https:\/\/www.imdb.com\/title\/tt3721954\/\">Maudie<\/a>. Ein Film \u00fcber <a href=\"https:\/\/artgalleryofnovascotia.ca\/maud-lewis\/\">Maud Lewis<\/a> mit (wonderful) Sally Hawkins. Hat bei den Canadian Screen Awards 2017 so ziemlich alle Preise abger\u00e4umt.<\/li>\n<li>Dank Netflix und Amazon werden Mehrteiler immer popul\u00e4rer und besser. So k\u00f6nnen auch komplexe Geschichten wie die B\u00fccher des oben erw\u00e4hnten Giles Blunt endlich verfilmt werden. <a href=\"https:\/\/www.imdb.com\/title\/tt5583512\/\">Cardinal<\/a> hei\u00dft die Serie \u00fcber den zerr\u00fctteten Detective aus Algonquin Bay. Mit dabei ist die tolle Karine Vanasse in der Rolle der Lise Delorme.<\/li>\n<li>Denis Villeneuve ist mittlerweile eine gro\u00dfe Nummmer im Blockbuster Movie Business. Vor Bladerunner 2049 und Arrival hat er aber mit <a href=\"https:\/\/www.imdb.com\/title\/tt1194238\">Polytechnique<\/a> und <a href=\"https:\/\/www.imdb.com\/title\/tt2316411\">Enemy<\/a> schon sehenswerte Filme gemacht, die kanadische Themen behandeln.<\/li>\n<\/ul>\n","protected":false},"excerpt":{"rendered":"<p>B\u00fccher Mir gefallen die Eyewhitness Travel Guides aus dem DK Verlag recht gut. Gut aufgebaut und mit vielen Bildern und <a class=\"more-link\" href=\"http:\/\/fahrradinontario.net\/?page_id=28\">weiterlesen&#8230;<\/a><\/p>\n","protected":false},"author":2,"featured_media":1886,"parent":1800,"menu_order":6,"comment_status":"closed","ping_status":"closed","template":"","meta":{"footnotes":""},"class_list":["post-28","page","type-page","status-publish","has-post-thumbnail","hentry"],"_links":{"self":[{"href":"http:\/\/fahrradinontario.net\/index.php?rest_route=\/wp\/v2\/pages\/28","targetHints":{"allow":["GET"]}}],"collection":[{"href":"http:\/\/fahrradinontario.net\/index.php?rest_route=\/wp\/v2\/pages"}],"about":[{"href":"http:\/\/fahrradinontario.net\/index.php?rest_route=\/wp\/v2\/types\/page"}],"author":[{"embeddable":true,"href":"http:\/\/fahrradinontario.net\/index.php?rest_route=\/wp\/v2\/users\/2"}],"replies":[{"embeddable":true,"href":"http:\/\/fahrradinontario.net\/index.php?rest_route=%2Fwp%2Fv2%2Fcomments&post=28"}],"version-history":[{"count":18,"href":"http:\/\/fahrradinontario.net\/index.php?rest_route=\/wp\/v2\/pages\/28\/revisions"}],"predecessor-version":[{"id":2114,"href":"http:\/\/fahrradinontario.net\/index.php?rest_route=\/wp\/v2\/pages\/28\/revisions\/2114"}],"up":[{"embeddable":true,"href":"http:\/\/fahrradinontario.net\/index.php?rest_route=\/wp\/v2\/pages\/1800"}],"wp:featuredmedia":[{"embeddable":true,"href":"http:\/\/fahrradinontario.net\/index.php?rest_route=\/wp\/v2\/media\/1886"}],"wp:attachment":[{"href":"http:\/\/fahrradinontario.net\/index.php?rest_route=%2Fwp%2Fv2%2Fmedia&parent=28"}],"curies":[{"name":"wp","href":"https:\/\/api.w.org\/{rel}","templated":true}]}}