{"id":247,"date":"2008-12-15T18:05:39","date_gmt":"2008-12-15T23:05:39","guid":{"rendered":"http:\/\/localhost\/wordpress\/?page_id=247"},"modified":"2016-01-10T14:46:28","modified_gmt":"2016-01-10T19:46:28","slug":"kanada-%e2%80%93-was-ist-da-eigentlich-anders","status":"publish","type":"page","link":"http:\/\/fahrradinontario.net\/?page_id=247","title":{"rendered":"Kanada \u2013 was ist da eigentlich anders?"},"content":{"rendered":"<p>Auf den ersten Blick ist vieles ganz genau wie gewohnt aus Deutschland, aber es sind die vielen Kleinigkeiten an denen man jeden Tag aufs Neue merkt, dass man sich auf einem anderen Kontinent befindet. Dadurch erlebt man aber auch immer wieder kleine, spannende und interessante Abenteuer, oder man blamiert sich ganz einfach nur.<\/p>\n<p>Hier ist meine Hitliste der Unterschiede:<\/p>\n<ol>\n<li>\n<p>Alkoholische Getr\u00e4nke gibt es nicht im Supermarkt. Bier kauft man in Ontario im \u201eBeer Store\u201c und Wein und andere Spirituosen im \u201eLCBO\u201c (Liquor Control Board of Ontario). Das ist aber in Quebec wieder ganz anders.<\/p>\n<\/li>\n<li>\n<p>Die Zapfs\u00e4ulen an den Tankstellen sehen aus wie eine Mischung aus Gl\u00fccksspiel- und Geldautomat (und verhalten sich wohl auch so).<\/p>\n<\/li>\n<li>\n<p>Die Autos sind gr\u00f6\u00dfer und haben mehr Wumms als die auf Deutschlands Stra\u00dfen. Bringt aber nix, weil&#8230;<\/p>\n<\/li>\n<li>\n<p>&#8230;mehr als 100 km\/h ist nicht erlaubt auf den Autobahnen.<\/p>\n<\/li>\n<li>\n<p>Achja, Autofahren&#8230; Geblinkt wird selten, und auf der Autobahn wird rechts \u00fcberholt (was nat\u00fcrlich nicht erlaubt ist). Daf\u00fcr gibt es auch keine Radarfallen, sondern es wird der pers\u00f6nliche Kontakt gepflegt. Soll hei\u00dfen, der Streifenwagen fischt die &#8222;S\u00fcnder&#8220; aus dem Verkehr. An roten Ampeln darf rechts abgebogen werden (sofern nicht anders angezeigt und auch nicht in Montreal), und rechts-vor-links gibt es nicht, sondern wer zuerst kommt f\u00e4hrt zuerst.<\/p>\n<\/li>\n<li>\n<p>Es gibt viel, viel mehr Fernsehprogramme, aber eigentlich auch nicht mehr sinnvolle Inhalte als im deutschen Fernsehen.<\/p>\n<\/li>\n<li>\n<p>Prinzipiell ist alles metrisch, aber nicht so ganz. An der Tankstelle zahlt man die abgef\u00fcllten &#8222;Liter&#8220;, im Supermarkt die abgewogenen &#8222;Pounds&#8220;. Die Wettervorhersage ist auf einigen Kan\u00e4len in \u00b0C, auf anderen wiederum in \u00b0F. Und so weiter&#8230; \u00a0Interessant ist das auch in den USA: in Kalifornien\u00a0werden Entfernungen auf einigen Strassenschildern auch in Kilometern angegeben, und in Texas steht unter den Geschwindigkeitsbegrenzungen in Meilen\/Stunde auch etwas kleiner der Wert in km\/h.<\/p>\n<\/li>\n<li>\n<p>Alle Stra\u00dfen sind schnurgerade, und das ganze Land ist ein riesiges Schachbrett. Torontos Hauptstra\u00dfe (Yonge Street) steht sogar im Guiness Book als mit \u00fcber 2000 km l\u00e4ngste Stra\u00dfe der Welt.<\/p>\n<\/li>\n<li>\n<p>Mobiltelefone verlangen keine PIN Code, wenn man sie einschaltet (man muss sich also gl\u00fccklicherweise eine PIN weniger merken).<\/p>\n<\/li>\n<li>\n<p>Einige Haushaltsger\u00e4te machen einen entwas altert\u00fcmlichen Eindruck, und sogar selbst dann dann, wenn sie niegelnagelneu sind. Die Waschmaschine mit R\u00fchrwerk und ohne Heizung, die es\u00a0in Deutschland auch mal in den 50ern gab,\u00a0ist hier noch aktuell.<\/p>\n<\/li>\n<li>\n<p>Wenn man umzieht, l\u00e4sst man seine gro\u00dfen\u00a0Elektrohaushaltsger\u00e4te zur\u00fcck (Waschmaschine, K\u00fchlschrank, Herd, usw.), und bekommt daf\u00fcr andere in der neuen Wohnung.<\/p>\n<\/li>\n<li>\n<p>Man zieht hier gerne und \u00f6fter um als in Deutschland.<\/p>\n<\/li>\n<li>\n<p>Man findet keine Adresse anhand der Hausnummer. Diese werden n\u00e4mlich teilweise ziemlich willk\u00fcrlich vergeben. Wenn man eine Adresse sucht, ist es daher\u00a0wichtig, dass man die\u00a0n\u00e4chsten Kreuzung kennt.<\/p>\n<\/li>\n<li>\n<p>Kanada ist nicht\u00a0&#8222;America&#8220; und Kanadier wollen auch nicht als &#8222;Americans&#8220; bezeichnet werden. Das ist die USA, und Kanada ist eben etwas\u00a0anderes&#8230;<\/p>\n<\/li>\n<li>\n<p>Kartoffel Chips. Wer sich schon einmal ernsthaft mit dem Thema auseinander gesetzt hat, wei\u00df, dass es zwar Kartoffel Chips \u00fcberall auf der Welt gibt, sie aber je nach Land einen unterschiedlichen Geschmack haben. Hierbei ist Deutschland wirklich langweilig. Einige Anbieter variieren den \u00fcblichen Bratkartoffelgeschmack vielleicht mal nach mehr oder weniger scharf, aber das war&#8217;s dann auch schon. In Kanada und den USA sieht das Angebot schon ganz anders aus. Von Senf-Honig bis zu Schwarzer Pfeffer gibt es die merkw\u00fcrdigsten Variationen. Nur das deutsche Bratkartoffelaroma gibt&#8217;s hier nicht&#8230;\n<\/li>\n<li>\n<p>In \u00f6ffentlichen Saunen ist nackichsein verboten. Der\/die Kanadier(in) tr\u00e4gt hier Badehose\/anzug. Bin ja nicht so der gro\u00dfe Saunafan (daher habe das auch erst sp\u00e4t entdeckt), aber ich finde, das ist durchaus erw\u00e4hnenswert.<\/p>\n<\/li>\n<\/ol>\n","protected":false},"excerpt":{"rendered":"<p>Auf den ersten Blick ist vieles ganz genau wie gewohnt aus Deutschland, aber es sind die vielen Kleinigkeiten an denen <a class=\"more-link\" href=\"http:\/\/fahrradinontario.net\/?page_id=247\">weiterlesen&#8230;<\/a><\/p>\n","protected":false},"author":2,"featured_media":1889,"parent":11,"menu_order":1,"comment_status":"closed","ping_status":"closed","template":"","meta":{"footnotes":""},"class_list":["post-247","page","type-page","status-publish","has-post-thumbnail","hentry"],"_links":{"self":[{"href":"http:\/\/fahrradinontario.net\/index.php?rest_route=\/wp\/v2\/pages\/247","targetHints":{"allow":["GET"]}}],"collection":[{"href":"http:\/\/fahrradinontario.net\/index.php?rest_route=\/wp\/v2\/pages"}],"about":[{"href":"http:\/\/fahrradinontario.net\/index.php?rest_route=\/wp\/v2\/types\/page"}],"author":[{"embeddable":true,"href":"http:\/\/fahrradinontario.net\/index.php?rest_route=\/wp\/v2\/users\/2"}],"replies":[{"embeddable":true,"href":"http:\/\/fahrradinontario.net\/index.php?rest_route=%2Fwp%2Fv2%2Fcomments&post=247"}],"version-history":[{"count":11,"href":"http:\/\/fahrradinontario.net\/index.php?rest_route=\/wp\/v2\/pages\/247\/revisions"}],"predecessor-version":[{"id":1432,"href":"http:\/\/fahrradinontario.net\/index.php?rest_route=\/wp\/v2\/pages\/247\/revisions\/1432"}],"up":[{"embeddable":true,"href":"http:\/\/fahrradinontario.net\/index.php?rest_route=\/wp\/v2\/pages\/11"}],"wp:featuredmedia":[{"embeddable":true,"href":"http:\/\/fahrradinontario.net\/index.php?rest_route=\/wp\/v2\/media\/1889"}],"wp:attachment":[{"href":"http:\/\/fahrradinontario.net\/index.php?rest_route=%2Fwp%2Fv2%2Fmedia&parent=247"}],"curies":[{"name":"wp","href":"https:\/\/api.w.org\/{rel}","templated":true}]}}