



{"id":1517,"date":"2011-04-09T12:48:35","date_gmt":"2011-04-09T17:48:35","guid":{"rendered":"http:\/\/fahrradinontario.net\/?page_id=1517"},"modified":"2017-06-11T07:21:38","modified_gmt":"2017-06-11T12:21:38","slug":"nordliches-neu-england","status":"publish","type":"page","link":"http:\/\/fahrradinontario.net\/?page_id=1517","title":{"rendered":"N\u00f6rdliches Neu England"},"content":{"rendered":"<p>Der Norden von Neu England umfasst die Bundesstaaten Maine, New Hampshire und Vermont. Bekannt ist dieser Teil Nordamerikas vor allem durch die B\u00fccher Stephen Kings. Stephen King lebt in Maine, und die Landschaft Neu Englands dient ihm immer wieder als Kulisse f\u00fcr seine spannenden Horrorgeschichten. Und wer wei\u00df denn auch mit Sicherheit zu sagen, was alles in den endlosen W\u00e4ldern lebt oder mit dem Morgennebel vom Atlantik hereinkommt? <\/p>\n<p>Naja, so schlimm ist es nicht. Und wer sich f\u00fcr seinen n\u00e4chsten Urlaub nicht f\u00fcr Meer oder Berge entscheiden kann, hat in Neu England beides innerhalb weniger hundert Kilometer und jeweils ziemlich spektakul\u00e4r. Dazu kommen pittoreske K\u00fcstenorte und alte St\u00e4dte mit viel Kultur.<\/p>\n<p style=\"clear: right;\">\n\n\n\t\t\t\t<div id=\"map_ol3js_1\" class=\"map undefined\" data-map_name=\"undefined\" data-map=\"map_ol3js_1\" style=\"width:100%; max-width:100%; height:400px; display:block; overflow:hidden;border:2px solid grey;\" >\n\t\t\t\t  <div id=\"map_ol3js_1_popup\" class=\"ol-popup\" >\n\t\t\t\t\t<a href=\"#\" id=\"map_ol3js_1_popup-closer\" class=\"ol-popup-closer\"><\/a>\n\t\t\t\t\t<div id=\"map_ol3js_1_popup-content\" ><\/div>\n\t\t\t\t  <\/div>\n\t\t\t\t<\/div>\n\t\t\t\n\n\t\t\t\t<script type=\"text\/javascript\">\n\t\t\t\t\ttranslations['openlayer'] = \"open layer\";\n\t\t\t\t\ttranslations['openlayerAtStartup'] = \"open layer at startup\";\n\t\t\t\t\ttranslations['generateLink'] = \"Der Link zur Karte mit ausgew\u00e4hlten Overlays und angezeigtem Ausschnitt\";\n\t\t\t\t\ttranslations['shortDescription'] = \"Kurzbeschreibung\";\n\t\t\t\t\ttranslations['generatedShortCode'] = \"to get a text control link paste this code in your wordpress editor\";\n\t\t\t\t\ttranslations['closeLayer'] = \"close layer\";\n\t\t\t\t\ttranslations['cantGenerateLink'] = \"put this string in the existing map short code to control this map\";\n\t\t\t  <\/script>\n\n\n\t\t\t  <script type=\"text\/javascript\">\n\t\t\t  vectorM['map_ol3js_1'] = [];\n\t        \n        var raster = getTileLayer(\"osm\",\"NoKey\");\t\t\t\n\n\t\t\t  var map_ol3js_1 = new ol.Map({\n\t\t\t\tinteractions: ol.interaction.defaults.defaults({mouseWheelZoom:false}),\n\t\t\t\tlayers: [raster],\n\t\t\t\ttarget: \"map_ol3js_1\",\n\t\t\t\tview: new ol.View({\n\t\t\t\t  center: ol.proj.transform([-70.399,44.546], \"EPSG:4326\", \"EPSG:3857\"),\n\t\t\t\t  zoom: 7\n\t\t\t\t})\n\t\t\t  });\n\t\t\t  \n    var style0 = {\n      \"Point\": [new ol.style.Style({\n\n          image: new ol.style.Icon({\n            anchor: [0.5, 41],\n            anchorXUnits: \"fraction\",\n            anchorYUnits: \"pixels\",\n            opacity: 0.75,\n            src: \"http:\/\/fahrradinontario.net\/wp-content\/plugins\/osm\/icons\/mic_blue_pinother_02.png\"\n          })\n      })],\n\n      \"LineString\": [new ol.style.Style({\n        stroke: new ol.style.Stroke({\n          color: \"blue\",\n          width: 8\n        })\n      })],\n      \"MultiLineString\": [new ol.style.Style({\n        stroke: new ol.style.Stroke({\n          color: \"blue\",\n          width: 4\n        })\n      })]\n    };\n\t\t  vectorL0 = new ol.layer.Vector({\n\n\t\t\tsource: new ol.source.Vector({\n\t\t  url:\"\/wp-content\/GPXData\/NewEngland.kml\",\n\t\t\t  format: new ol.format.KML({ showPointNames: false})\n\t\t\t}),\n         zIndex: 92\n\t\t  });map_ol3js_1.addLayer(vectorL0);addControls2Map(map_ol3js_1,0,0,3,0,5,6,7,0,1);\nosm_addPopupClickhandler(map_ol3js_1,  \"map_ol3js_1\"); \nosm_addMouseHover(map_ol3js_1); <\/script>\n<p style=\"clear: both;\">\n<p><strong>Katahdin Iron Works und Gulf Hagas<\/strong><br \/>\nZugegeben, etwas ablegen ist der Gulf Hagas schon. Aber man kann die \u00dcberreste einer Eisenproduktion auf dem 19. Jahrhundert besichtigen, und au\u00dferdem trifft hier der Appalachian Trail auf einen der vielen &#8222;Grand Canyon of the East&#8220;. <\/p>\n<p>Um auf den Trail zu kommen, muss man erst einmal zwei Fl\u00fcsse durchqueren. Danach wird es teilweise so steil, dass man H\u00e4nden und F\u00fc\u00dfen braucht, um voranzukommen. Daf\u00fcr gibt es dann aber auch einige spektakul\u00e4re Wasserf\u00e4lle zu bewundern.<\/p>\n<p>Auf dem Appalachian Trail ist einiges los, und man trifft auf viele Wanderer, die hier schon 2000 Kilometer seit Georgia unterwegs sind. An der Durchquerung des Pleasant River steht dann auch ein Wildh\u00fcter bereit, um den Wanderern den Weg zu n\u00e4chsten Campingplatz zu zeigen. <\/p>\n<p style=\"clear:both\">\n<p style=\"clear:both\"><img loading=\"lazy\" decoding=\"async\" class=\"alignleft\" title=\" \" src=\"wp-content\/Bilder\/NeuEngland\/IMGP4288.jpg\" alt=\"\" width=\"365\" height=\"243\" \/><\/p>\n<p><img loading=\"lazy\" decoding=\"async\" class=\"alignright\" style=\"clear:right\" title=\" \" src=\"wp-content\/Bilder\/NeuEngland\/IMGP4289.jpg\" alt=\"\" width=\"365\" height=\"243\" \/><\/p>\n<p style=\"clear:both\">\n<p style=\"clear:both\">\n<p style=\"clear:both\"><img loading=\"lazy\" decoding=\"async\" class=\"alignleft\" title=\" \" src=\"wp-content\/Bilder\/NeuEngland\/IMGP4300.jpg\" alt=\"\" width=\"365\" height=\"243\" \/><\/p>\n<p><img loading=\"lazy\" decoding=\"async\" class=\"alignright\" style=\"clear:right\" title=\" \" src=\"wp-content\/Bilder\/NeuEngland\/IMGP4366.jpg\" alt=\"\" width=\"365\" height=\"243\" \/><\/p>\n<p style=\"clear:both\">\n<p><strong>Arcadia<\/strong><br \/>\nNach den Smokey Mountains ist <a href=\"http:\/\/de.wikipedia.org\/wiki\/Acadia_National_Park\">Arcadia<\/a> der meist besuchteste National Park im Osten der USA. Arcadia liegt auf einer <a href=\"http:\/\/de.wikipedia.org\/wiki\/Mount_Desert_Island\">Insel <\/a>vor der K\u00fcste Maines, die aber \u00fcber eine Br\u00fccke an das Festland angeschlossen ist.\n<\/p>\n<p>\nJohn D. Rockefeller Jr. hatte viel Geld von seinem Vater geerbt, und war zum einen von der Natur der Insel beeindruckt, andererseits aber auch vom Anfang des 20. Jahrhunderts aufkommenden Stra\u00dfenbau. Daher startete er 1913 ein Projekt, dass sich bis 1940 hinzog. Stra\u00dfen f\u00fcr Pferde und Kutschen wurden auf Arcadia gebaut, und der Bau wurde von Rockefeller pers\u00f6nlich \u00fcberwacht.\n<\/p>\n<p>\nDa Pferdekutschen nicht mehr so \u00fcblich sind, hat sich Arcadia zu einem fantastisches Revier f\u00fcr Fahrradfahrer entwickelt. Die alten Kutschenwege sind f\u00fcr Fahrradfahrer aller Grade optimal geeignet. Es gibt mehrere Seen auf der Insel und einen 466 Meter hohen Berg mit anspruchsvollem Anstieg und dann aber auch toller Aussicht.<\/p>\n<p>\nDas Stra\u00dfennetzwerk wird von <a href=\"http:\/\/www.friendsofacadia.org\/\">Friends of Arcadia<\/a>, einer gemeinn\u00fctzigen Organisation gepflegt.\n<\/p>\n<p style=\"clear:both\">\n<p style=\"clear:both\"><img loading=\"lazy\" decoding=\"async\" class=\"alignleft\" title=\" \" src=\"wp-content\/Bilder\/NeuEngland\/IMGP3887.jpg\" alt=\"\" width=\"365\" height=\"243\" \/><\/p>\n<p><img loading=\"lazy\" decoding=\"async\" class=\"alignright\" style=\"clear:right\" title=\" \" src=\"wp-content\/Bilder\/NeuEngland\/IMGP3895.jpg\" alt=\"\" width=\"365\" height=\"243\" \/><\/p>\n<p style=\"clear:both\">\n<p style=\"clear:both\">\n<p style=\"clear:both\"><img loading=\"lazy\" decoding=\"async\" class=\"alignleft\" title=\" \" src=\"wp-content\/Bilder\/NeuEngland\/IMGP4073.jpg\" alt=\"\" width=\"365\" height=\"243\" \/><\/p>\n<p><img loading=\"lazy\" decoding=\"async\" class=\"alignright\" style=\"clear:right\" title=\" \" src=\"wp-content\/Bilder\/NeuEngland\/IMGP4004.jpg\" alt=\"\" width=\"365\" height=\"243\" \/><\/p>\n<p style=\"clear:both\">\n<p style=\"clear:both\"><img loading=\"lazy\" decoding=\"async\" class=\"aligncenter\" title=\" \" src=\"wp-content\/Bilder\/NeuEngland\/Acadia5.jpg\" alt=\"\" width=\"1200\" height=\"375\" \/><\/p>\n<p style=\"clear:both\">\n<p style=\"clear:both\">\n<p style=\"clear:both\"><img loading=\"lazy\" decoding=\"async\" class=\"alignleft\" title=\" \" src=\"wp-content\/Bilder\/NeuEngland\/IMGP4478.jpg\" alt=\"\" width=\"365\" height=\"243\" \/><\/p>\n<p><img loading=\"lazy\" decoding=\"async\" class=\"alignright\" style=\"clear:right\" title=\" \" src=\"wp-content\/Bilder\/NeuEngland\/IMGP4486.jpg\" alt=\"\" width=\"365\" height=\"243\" \/><\/p>\n<p style=\"clear:both\">\n<p>Eine Attraktion sind sicherlich die aus Stein gemauerten Br\u00fccken f\u00fcr die Kutschenwege mitten im Wald.<\/p>\n<p style=\"clear:both\">\n<p style=\"clear:both\"><img loading=\"lazy\" decoding=\"async\" class=\"alignleft\" title=\" \" src=\"wp-content\/Bilder\/NeuEngland\/IMGP4121.jpg\" alt=\"\" width=\"365\" height=\"243\" \/><\/p>\n<p><img loading=\"lazy\" decoding=\"async\" class=\"alignright\" style=\"clear:right\" title=\" \" src=\"wp-content\/Bilder\/NeuEngland\/P8150018.jpg\" alt=\"\" width=\"365\" height=\"243\" \/><\/p>\n<p style=\"clear:both\">\n<p style=\"clear: right;\"><strong>Die K\u00fcste von Maine<\/strong><br \/>\nDie K\u00fcste von Maine ist etwas ganz besonderes. Gr\u00f6\u00dftenteils felsig, aber es gibt trotzdem viele Sandstr\u00e4nde. F\u00fcr einen Badeurlaub ist das Wasser allerdings etwas zu kalt und das Wetter zu unbest\u00e4ndig. Aber es warten viele pittoreske K\u00fcstenorte nur darauf entdeckt zu werden.<\/p>\n<p style=\"clear:both\">\n<p style=\"clear:both\"><img loading=\"lazy\" decoding=\"async\" class=\"alignleft\" title=\" \" src=\"wp-content\/Bilder\/NeuEngland\/IMGP4165.jpg\" alt=\"\" width=\"365\" height=\"243\" \/><\/p>\n<p><img loading=\"lazy\" decoding=\"async\" class=\"alignright\" style=\"clear:right\" title=\" \" src=\"wp-content\/Bilder\/NeuEngland\/IMGP4532.jpg\" alt=\"\" width=\"365\" height=\"243\" \/><\/p>\n<p style=\"clear:both\">\n<p style=\"clear:both\">\n<p style=\"clear:both\"><img loading=\"lazy\" decoding=\"async\" class=\"alignleft\" title=\" \" src=\"wp-content\/Bilder\/NeuEngland\/IMGP4260.jpg\" alt=\"\" width=\"365\" height=\"243\" \/><\/p>\n<p><img loading=\"lazy\" decoding=\"async\" class=\"alignright\" style=\"clear:right\" title=\" \" src=\"wp-content\/Bilder\/NeuEngland\/IMGP4274.jpg\" alt=\"\" width=\"365\" height=\"243\" \/><\/p>\n<p style=\"clear:both\">\n<p style=\"clear: both;\">\n<p><a href=\"http:\/\/de.wikipedia.org\/wiki\/Kennebunkport\">Kennebunkport<\/a> ist eines der teuersten Ferienziele in den USA. Viele sehr betuchte Amerikaner haben hier ihr Sommerdomizil, unter anderem auch George Bush Sr.<\/p>\n<p style=\"clear: right;\">\n<p><strong>Portland<\/strong><br \/>\n<a href=\"http:\/\/de.wikipedia.org\/wiki\/Portland_%28Maine%29\">Portland<\/a> ist mit 64,000 Einwohnern die gr\u00f6\u00dfte Stadt Maines und eine der \u00e4ltesten St\u00e4dte in Nordamerika. Hier kann man ohne weiteres einen Tag verbringen und sich der Atmosph\u00e4re des Old Port hingeben.<\/p>\n<p style=\"clear:both\">\n<p style=\"clear:both\"><img loading=\"lazy\" decoding=\"async\" class=\"alignleft\" title=\" \" src=\"wp-content\/Bilder\/NeuEngland\/IMGP4385.jpg\" alt=\"\" width=\"365\" height=\"243\" \/><\/p>\n<p><img loading=\"lazy\" decoding=\"async\" class=\"alignright\" style=\"clear:right\" title=\" \" src=\"wp-content\/Bilder\/NeuEngland\/IMGP4397.jpg\" alt=\"\" width=\"365\" height=\"243\" \/><\/p>\n<p style=\"clear:both\">\n<p><strong>White Mountain<\/strong><br \/>\nDer Norden von Neu England hat nicht nur eine abwechslungsreiche K\u00fcste zu bieten, sondern auch eine interessante Berglandschaft. In den White Mountains gibt es 20 Gipfel \u00fcber 1200 Meter, und die dazugeh\u00f6rigen Wasserf\u00e4lle und Schluchten.\n<\/p>\n<p>Die hier vorgestellte Fahrradrundfahrt bew\u00e4ltigt auf 62 Kilometern \u00fcber 1200 H\u00f6henmeter und f\u00fchrt \u00fcber zwei spektakul\u00e4re P\u00e4sse, Kinsman Notch und Frankonia Notch.<\/p>\n\n\n\t\t\t\t<div id=\"map_ol3js_2\" class=\"map undefined\" data-map_name=\"undefined\" data-map=\"map_ol3js_2\" style=\"width:100%; max-width:100%; height:500px; display:block; overflow:hidden;border:2px solid grey;\" >\n\t\t\t\t  <div id=\"map_ol3js_2_popup\" class=\"ol-popup\" >\n\t\t\t\t\t<a href=\"#\" id=\"map_ol3js_2_popup-closer\" class=\"ol-popup-closer\"><\/a>\n\t\t\t\t\t<div id=\"map_ol3js_2_popup-content\" ><\/div>\n\t\t\t\t  <\/div>\n\t\t\t\t<\/div>\n\t\t\t\n\n\t\t\t\t<script type=\"text\/javascript\">\n\t\t\t\t\ttranslations['openlayer'] = \"open layer\";\n\t\t\t\t\ttranslations['openlayerAtStartup'] = \"open layer at startup\";\n\t\t\t\t\ttranslations['generateLink'] = \"Der Link zur Karte mit ausgew\u00e4hlten Overlays und angezeigtem Ausschnitt\";\n\t\t\t\t\ttranslations['shortDescription'] = \"Kurzbeschreibung\";\n\t\t\t\t\ttranslations['generatedShortCode'] = \"to get a text control link paste this code in your wordpress editor\";\n\t\t\t\t\ttranslations['closeLayer'] = \"close layer\";\n\t\t\t\t\ttranslations['cantGenerateLink'] = \"put this string in the existing map short code to control this map\";\n\t\t\t  <\/script>\n\n\n\t\t\t  <script type=\"text\/javascript\">\n\t\t\t  vectorM['map_ol3js_2'] = [];\n\t        \n        var raster = getTileLayer(\"osm\",\"NoKey\");\t\t\t\n\n\t\t\t  var map_ol3js_2 = new ol.Map({\n\t\t\t\tinteractions: ol.interaction.defaults.defaults({mouseWheelZoom:false}),\n\t\t\t\tlayers: [raster],\n\t\t\t\ttarget: \"map_ol3js_2\",\n\t\t\t\tview: new ol.View({\n\t\t\t\t  center: ol.proj.transform([-71.726,44.12], \"EPSG:4326\", \"EPSG:3857\"),\n\t\t\t\t  zoom: 9\n\t\t\t\t})\n\t\t\t  });\n\t\t\t  \n    var style0 = {\n      \"Point\": [new ol.style.Style({\n\n          image: new ol.style.Icon({\n            anchor: [0.5, 41],\n            anchorXUnits: \"fraction\",\n            anchorYUnits: \"pixels\",\n            opacity: 0.75,\n            src: \"http:\/\/fahrradinontario.net\/wp-content\/plugins\/osm\/icons\/mic_blue_pinother_02.png\"\n          })\n      })],\n\n      \"LineString\": [new ol.style.Style({\n        stroke: new ol.style.Stroke({\n          color: \"blue\",\n          width: 8\n        })\n      })],\n      \"MultiLineString\": [new ol.style.Style({\n        stroke: new ol.style.Stroke({\n          color: \"blue\",\n          width: 4\n        })\n      })]\n    };\n\t\t  var vectorL0 = new ol.layer.Vector({\n\t\t\t\tsource: new ol.source.Vector({\n\t\t\t\turl:\"\/wp-content\/GPXData\/FranconiaNotch.gpx\",\n\t\t\t\tformat: new ol.format.GPX({\n\t\t\t\t\textractStyles: false\n\t\t\t\t})\n\t\t\t}),\n\t\t\tzIndex: 92,\n\t\t\tstyle: function(feature, resolution) {return style0[feature.getGeometry().getType()];}\n\t\t  });\n\t\t  map_ol3js_2.addLayer(vectorL0);addControls2Map(map_ol3js_2,0,0,3,0,5,6,7,0,1);\nosm_addPopupClickhandler(map_ol3js_2,  \"map_ol3js_2\"); \nosm_addMouseHover(map_ol3js_2); <\/script>\n<p style=\"clear:both\">\n<p style=\"clear:both\">\n<p style=\"clear:both\"><img loading=\"lazy\" decoding=\"async\" class=\"alignleft\" title=\" \" src=\"wp-content\/Bilder\/NeuEngland\/IMGP4953.jpg\" alt=\"\" width=\"365\" height=\"243\" \/><\/p>\n<p><img loading=\"lazy\" decoding=\"async\" class=\"alignright\" style=\"clear:right\" title=\" \" src=\"wp-content\/Bilder\/NeuEngland\/IMGP5099.jpg\" alt=\"\" width=\"365\" height=\"243\" \/><\/p>\n<p style=\"clear:both\">\n<p style=\"clear:both\">\n<p style=\"clear:both\"><img loading=\"lazy\" decoding=\"async\" class=\"alignleft\" title=\" \" src=\"wp-content\/Bilder\/NeuEngland\/IMGP4929.jpg\" alt=\"\" width=\"365\" height=\"243\" \/><\/p>\n<p><img loading=\"lazy\" decoding=\"async\" class=\"alignright\" style=\"clear:right\" title=\" \" src=\"wp-content\/Bilder\/NeuEngland\/IMGP4938.jpg\" alt=\"\" width=\"365\" height=\"243\" \/><\/p>\n<p style=\"clear:both\">\n<p>Eine Notch ist eine V-f\u00f6rmige Passage zwischen Bergen. Und die Frankonia Notch ist genau das. Sie ist so eng, dass die gro\u00dfe Interstate 93 und die ruhigere US-3 zusammengelegt werden mussten. Damit auch Fahrradfahrer die atemberaubende Durchfahrt zwischen den Bergen erleben k\u00f6nnen, wurde zus\u00e4tzlich noch eine asphaltierte Fahrradroute gebaut.  \u00dcber sie erreicht man bequem die Naturwunder des <a href=\"http:\/\/www.nhstateparks.org\/explore\/state-parks\/franconia-notch-state-park.aspx\">Frankonia Notch State Park<\/a> wie den Profile Lake, den Cannon Mountain oder die Flume Gorge mit ihren spektakul\u00e4ren Wasserf\u00e4llen.\n<\/p>\n<p style=\"clear:both\">\n<p style=\"clear:both\"><img loading=\"lazy\" decoding=\"async\" class=\"alignleft\" title=\" \" src=\"wp-content\/Bilder\/NeuEngland\/IMGP5500.jpg\" alt=\"\" width=\"365\" height=\"243\" \/><\/p>\n<p><img loading=\"lazy\" decoding=\"async\" class=\"alignright\" style=\"clear:right\" title=\" \" src=\"wp-content\/Bilder\/NeuEngland\/IMGP5184.jpg\" alt=\"\" width=\"365\" height=\"243\" \/><\/p>\n<p style=\"clear:both\">\n<p>Eine der sch\u00f6nsten Strecken in Neu England ist der <a href=\"http:\/\/www.kancamagushighway.com\/\">Kancamagus Highway<\/a> zwischen Lincoln und Conway. Vom 914 hohen Kancamagus Pass hat man einen tollen Ausblick, und \u00fcberall an der Strecke gibt es Parkpl\u00e4tze mit Zugang zum Swift River.\n<\/p>\n<p style=\"clear:both\">\n<p style=\"clear:both\"><img loading=\"lazy\" decoding=\"async\" class=\"alignleft\" title=\" \" src=\"wp-content\/Bilder\/NeuEngland\/IMGP4455.jpg\" alt=\"\" width=\"365\" height=\"243\" \/><\/p>\n<p><img loading=\"lazy\" decoding=\"async\" class=\"alignright\" style=\"clear:right\" title=\" \" src=\"wp-content\/Bilder\/NeuEngland\/IMGP4659.jpg\" alt=\"\" width=\"365\" height=\"243\" \/><\/p>\n<p style=\"clear:both\">\n<p style=\"clear: both;\"><a href=\"http:\/\/de.wikipedia.org\/wiki\/Mount_Washington_%28New_Hampshire%29\">Mount Washington<\/a> ist mit 1917 Metern der h\u00f6chste Berg in den White Mountains. Da sich an ihm die kalte Luft aus dem Norden mit der warmen aus dem S\u00fcden vermischt, ist es oftmals ziemlich windig, und die maximale dort gemessene Windgeschwindigkeit von 372 km\/h h\u00e4lt einen weltweiten Rekord. <\/p>\n<p style=\"clear:both\">\n<p style=\"clear:both\"><img loading=\"lazy\" decoding=\"async\" class=\"alignleft\" title=\" \" src=\"wp-content\/Bilder\/NeuEngland\/IMGP5506.jpg\" alt=\"\" width=\"365\" height=\"243\" \/><\/p>\n<p><img loading=\"lazy\" decoding=\"async\" class=\"alignright\" style=\"clear:right\" title=\" \" src=\"wp-content\/Bilder\/NeuEngland\/IMGP5513.jpg\" alt=\"\" width=\"365\" height=\"243\" \/><\/p>\n<p style=\"clear:both\">\n<p style=\"clear: both;\"> Auf den Gipfel f\u00fchrt eine private Stra\u00dfe, die auf 12 Kilometern durchschnittlich 12% Steigung \u00fcber 1441 H\u00f6henmeter bew\u00e4ltigt, und damit nat\u00fcrlich nach einer interessanten Herausforderung f\u00fcr Fahrradfahrer klingt. Allerdings ist sie nur einmal im Jahr f\u00fcr Radler freigegeben, und zwar f\u00fcr den <a href=\"http:\/\/www.mtwashingtonbicyclehillclimb.org\/mwarbh\/page.cfm\/About-This-Race\">Mount Washington Auto Road Bicycle Hillclimb<\/a>. Den Rekord h\u00e4lt Tyler Hamilton mit gerade mal 51 Minuten!\n<\/p>\n<p style=\"clear: right;\">\n<p><strong>\u00dcberdachte Br\u00fccken<\/strong><br \/>\nBr\u00fccken mit einem Dach dar\u00fcber gibt es richtig viele in Neu England, und man ist auch ziemlich stolz darauf. Durch das Dach erh\u00f6ht sich die Haltbarkeit, so dass Holzbr\u00fccken aus dem 19. Jahrhundert bis heute \u00fcberdauert haben.\n<\/p>\n<p style=\"clear:both\">\n<p style=\"clear:both\"><img loading=\"lazy\" decoding=\"async\" class=\"alignleft\" title=\" \" src=\"wp-content\/Bilder\/NeuEngland\/IMGP4903.jpg\" alt=\"\" width=\"365\" height=\"243\" \/><\/p>\n<p><img loading=\"lazy\" decoding=\"async\" class=\"alignright\" style=\"clear:right\" title=\" \" src=\"wp-content\/Bilder\/NeuEngland\/IMGP5565.jpg\" alt=\"\" width=\"365\" height=\"243\" \/><\/p>\n<p style=\"clear:both\">\n<p style=\"clear:both\"><strong>Links<\/strong><br \/>\n <a href=\"http:\/\/www.globepequot.com\/road_biking_northern_new_england-9780762738977\">Road Biking Northern New England<\/a> &#8211; Sehr hilfreiches Buch zum Planen der Fahrradtouren.<\/p>\n<p style=\"clear: both;\">\n","protected":false},"excerpt":{"rendered":"<p>Der Norden von Neu England umfasst die Bundesstaaten Maine, New Hampshire und Vermont. Bekannt ist dieser Teil Nordamerikas vor allem <a class=\"more-link\" href=\"http:\/\/fahrradinontario.net\/?page_id=1517\">weiterlesen&#8230;<\/a><\/p>\n","protected":false},"author":2,"featured_media":1982,"parent":1306,"menu_order":10,"comment_status":"closed","ping_status":"closed","template":"","meta":{"footnotes":""},"class_list":["post-1517","page","type-page","status-publish","has-post-thumbnail","hentry"],"_links":{"self":[{"href":"http:\/\/fahrradinontario.net\/index.php?rest_route=\/wp\/v2\/pages\/1517","targetHints":{"allow":["GET"]}}],"collection":[{"href":"http:\/\/fahrradinontario.net\/index.php?rest_route=\/wp\/v2\/pages"}],"about":[{"href":"http:\/\/fahrradinontario.net\/index.php?rest_route=\/wp\/v2\/types\/page"}],"author":[{"embeddable":true,"href":"http:\/\/fahrradinontario.net\/index.php?rest_route=\/wp\/v2\/users\/2"}],"replies":[{"embeddable":true,"href":"http:\/\/fahrradinontario.net\/index.php?rest_route=%2Fwp%2Fv2%2Fcomments&post=1517"}],"version-history":[{"count":25,"href":"http:\/\/fahrradinontario.net\/index.php?rest_route=\/wp\/v2\/pages\/1517\/revisions"}],"predecessor-version":[{"id":1979,"href":"http:\/\/fahrradinontario.net\/index.php?rest_route=\/wp\/v2\/pages\/1517\/revisions\/1979"}],"up":[{"embeddable":true,"href":"http:\/\/fahrradinontario.net\/index.php?rest_route=\/wp\/v2\/pages\/1306"}],"wp:featuredmedia":[{"embeddable":true,"href":"http:\/\/fahrradinontario.net\/index.php?rest_route=\/wp\/v2\/media\/1982"}],"wp:attachment":[{"href":"http:\/\/fahrradinontario.net\/index.php?rest_route=%2Fwp%2Fv2%2Fmedia&parent=1517"}],"curies":[{"name":"wp","href":"https:\/\/api.w.org\/{rel}","templated":true}]}}