{"id":14,"date":"2008-11-10T18:58:48","date_gmt":"2008-11-10T23:58:48","guid":{"rendered":"http:\/\/localhost\/wordpress\/?page_id=14"},"modified":"2023-12-31T09:30:10","modified_gmt":"2023-12-31T14:30:10","slug":"touren-mit-fahrrad","status":"publish","type":"page","link":"http:\/\/fahrradinontario.net\/?page_id=14","title":{"rendered":"Ontario"},"content":{"rendered":"<p>Hier sind die Seiten \u00fcber meine Touren in Ontario.<\/p>\n<ul>\n<li><a href=\"http:\/\/fahrradinontario.net\/?page_id=406\">Ottawa<br \/><\/a>Ottawa ist nicht nur Kanadas Hauptstadt, sondern liegt auch landschaftlich reizvoll am Zusammenfluss des Ottawa River mit dem Rideau River, dem Rideau Kanal und dem Rivi\u00e8re Gatineau. Entlang der Fl\u00fcsse gibt es sch\u00f6ne Radwege, von denen aus die Stadt entdeckt werden kann. <\/li>\n<li><a href=\"http:\/\/fahrradinontario.net\/?page_id=40\">Toronto<br \/><\/a>Mit dem Fahrrad durch die Gro\u00dfstadt? Es gibt in Toronto einige Strecken, die man hervorragend mit dem Fahrrad erkunden kann.<\/li>\n<li><a href=\"http:\/\/fahrradinontario.net\/?page_id=47\">Niagara<br \/>\n <\/a>Niagara-on-the-Lake, St. Catherines, Welland Canal, Niagaraf\u00e4lle. Eine sch\u00f6ne Rundtour auf der es viel zu sehen gibt.<\/li>\n<li><a href=\"http:\/\/fahrradinontario.net\/?page_id=336\">Rund um den Eriesee (kanadische Seite)<br \/>\n <\/a>Von Niagara bis zur s\u00fcdlichsten Spitze Kanadas, und mit dem Schiff weiter zur s\u00fcdlichsten Insel.<\/li>\n<li><a href=\"http:\/\/fahrradinontario.net\/?page_id=800\">Rund um den Eriesee (amerikanische Seite)<br \/>\n <\/a>Von Detroit \u00fcber Toledo, Cleveland, Erie bis nach Buffalo. Gleich drei Bundesstaaten teilen sich die amerikanische K\u00fcste des Eriesees.<\/li>\n<li><a href=\"http:\/\/fahrradinontario.net\/?page_id=1176\">Rund um den Ontariosee<br \/>\n <\/a>Natur und Geschichte an den Ufern des \u00f6stlichsten der gro\u00dfen Seen.<\/li>\n<li><a href=\"http:\/\/fahrradinontario.net\/?page_id=2029\">Rund um den Huronsee<br \/>\n <\/a>Ein See mit vielen Superlativen.<\/li>\n<li><a href=\"http:\/\/fahrradinontario.net\/?page_id=2512\">Rund um den Oberen See<br \/>\n <\/a>Eine Rundreise um dem gr\u00f6\u00dfen der gro\u00dfen Seen.<\/li>\n<li><a href=\"http:\/\/fahrradinontario.net\/?page_id=551\">Rail Trails in Ontario<br \/>\n <\/a>In Kanada wurden (leider) sehr viele Eisenbahnstrecken zur\u00fcckgebaut. Aber gl\u00fccklicherweise wurden viele davon in Trails zum Wandern und Fahrradfahren umgewandelt.<\/li>\n<li><a href=\"http:\/\/fahrradinontario.net\/?page_id=1493\">Skilanglauf in Ontario<\/a> <br \/>\nZu Kanada geh\u00f6rt auch der Winter, und es gibt in Ontario und Umgebung mehrere Langlaufgebiete mit unterschiedlichen Angeboten. Mehr dazu auf dieser Seite.<\/li>\n<\/ul>\n","protected":false},"excerpt":{"rendered":"<p>Hier sind die Seiten \u00fcber meine Touren in Ontario. OttawaOttawa ist nicht nur Kanadas Hauptstadt, sondern liegt auch landschaftlich reizvoll <a class=\"more-link\" href=\"http:\/\/fahrradinontario.net\/?page_id=14\">weiterlesen&#8230;<\/a><\/p>\n","protected":false},"author":2,"featured_media":2086,"parent":2157,"menu_order":6,"comment_status":"closed","ping_status":"closed","template":"","meta":{"footnotes":""},"class_list":["post-14","page","type-page","status-publish","has-post-thumbnail","hentry"],"_links":{"self":[{"href":"http:\/\/fahrradinontario.net\/index.php?rest_route=\/wp\/v2\/pages\/14","targetHints":{"allow":["GET"]}}],"collection":[{"href":"http:\/\/fahrradinontario.net\/index.php?rest_route=\/wp\/v2\/pages"}],"about":[{"href":"http:\/\/fahrradinontario.net\/index.php?rest_route=\/wp\/v2\/types\/page"}],"author":[{"embeddable":true,"href":"http:\/\/fahrradinontario.net\/index.php?rest_route=\/wp\/v2\/users\/2"}],"replies":[{"embeddable":true,"href":"http:\/\/fahrradinontario.net\/index.php?rest_route=%2Fwp%2Fv2%2Fcomments&post=14"}],"version-history":[{"count":40,"href":"http:\/\/fahrradinontario.net\/index.php?rest_route=\/wp\/v2\/pages\/14\/revisions"}],"predecessor-version":[{"id":2550,"href":"http:\/\/fahrradinontario.net\/index.php?rest_route=\/wp\/v2\/pages\/14\/revisions\/2550"}],"up":[{"embeddable":true,"href":"http:\/\/fahrradinontario.net\/index.php?rest_route=\/wp\/v2\/pages\/2157"}],"wp:featuredmedia":[{"embeddable":true,"href":"http:\/\/fahrradinontario.net\/index.php?rest_route=\/wp\/v2\/media\/2086"}],"wp:attachment":[{"href":"http:\/\/fahrradinontario.net\/index.php?rest_route=%2Fwp%2Fv2%2Fmedia&parent=14"}],"curies":[{"name":"wp","href":"https:\/\/api.w.org\/{rel}","templated":true}]}}